le of 79?
True
Does 18 divide 16380?
True
Is 4387188 a multiple of 39?
True
Is 23 a factor of 8237979?
True
Is 49583 a multiple of 120?
False
Is 31 a factor of 645482?
True
Does 59 divide 86183?
False
Is 117 a factor of 103698?
False
Is 13 a factor of 2434159?
True
Is 55 a factor of 737371?
False
Is 11687932 a multiple of 568?
False
Is 865396 a multiple of 124?
True
Is 319515 a multiple of 15?
True
Is 587659 a multiple of 27?
False
Is 115 a factor of 23230?
True
Is 103950 a multiple of 22?
True
Is 156 a factor of 15239?
False
Is 59361 a multiple of 53?
False
Does 10 divide 956400?
True
Is 559153 a multiple of 529?
True
Is 34 a factor of 89491?
False
Does 1453 divide 7752061?
False
Does 6 divide 168845?
False
Is 24 a factor of 353148?
False
Does 7 divide 61768?
True
Is 127744 a multiple of 64?
True
Is 44 a factor of 1409117?
False
Is 761723 a multiple of 84?
False
Is 40 a factor of 356520?
True
Is 762 a factor of 7448912?
False
Is 122859 a multiple of 9?
True
Is 34 a factor of 1656948?
False
Is 21 a factor of 386001?
True
Does 51 divide 59670?
True
Is 23 a factor of 3013?
True
Is 6 a factor of 2286588?
True
Is 3068223 a multiple of 159?
True
Is 219040 a multiple of 216?
False
Does 73 divide 3139?
True
Is 17468014 a multiple of 20?
False
Is 558520 a multiple of 10?
True
Does 33 divide 1812553?
False
Does 12 divide 126114?
False
Is 99183 a multiple of 15?
False
Is 61 a factor of 1436428?
True
Is 63 a factor of 1012903?
False
Is 20 a factor of 1228106?
False
Is 10 a factor of 200030?
True
Is 367 a factor of 1633071?
False
Is 2696210 a multiple of 635?
True
Is 41520 a multiple of 6?
True
Is 32 a factor of 3509664?
True
Does 533 divide 1055552?
False
Does 448 divide 4260928?
True
Is 85654 a multiple of 55?
False
Does 15 divide 181466?
False
Does 18 divide 474247?
False
Does 3 divide 91946?
False
Does 10 divide 5339691?
False
Is 55986 a multiple of 113?
False
Is 1091250 a multiple of 582?
True
Is 25 a factor of 188750?
True
Does 1403 divide 5771415?
False
Does 65 divide 1760330?
True
Is 15 a factor of 97980?
True
Does 114 divide 1522238?
False
Does 856 divide 8827072?
True
Is 194740 a multiple of 35?
True
Is 3844375 a multiple of 13?
False
Does 66 divide 1106952?
True
Is 6 a factor of 288516?
True
Is 8 a factor of 81984?
True
Does 3 divide 12796?
False
Is 92 a factor of 41124?
True
Is 74350 a multiple of 10?
True
Is 228 a factor of 593028?
True
Does 4 divide 951454?
False
Is 106408 a multiple of 47?
True
Does 17 divide 19227?
True
Is 36 a factor of 1614382?
False
Is 8946 a multiple of 29?
False
Is 876360 a multiple of 60?
True
Does 8 divide 147371?
False
Is 1310 a factor of 2248400?
False
Does 53 divide 8505764?
False
Does 10 divide 1195450?
True
Is 5 a factor of 6830?
True
Is 20 a factor of 451880?
True
Does 11 divide 722829?
False
Does 21 divide 2660526?
False
Does 118 divide 3183758?
True
Is 600235 a multiple of 269?
False
Is 8 a factor of 9963?
False
Does 14 divide 92791?
False
Does 58 divide 411805?
False
Is 182 a factor of 181050?
False
Is 11 a factor of 689249?
True
Does 9 divide 364641?
False
Does 332 divide 646191?
False
Is 328040 a multiple of 49?
False
Does 7 divide 62201?
False
Is 39 a factor of 101712?
True
Is 319 a factor of 417547?
False
Is 1520034 a multiple of 37?
True
Does 379 divide 2026134?
True
Is 132928 a multiple of 47?
False
Does 239 divide 2343295?
False
Does 251 divide 7305712?
False
Does 487 divide 2138904?
True
Is 69589 a multiple of 53?
True
Is 4187572 a multiple of 73?
True
Is 232 a factor of 7424?
True
Does 18 divide 4125618?
True
Is 239 a factor of 286987?
False
Is 38 a factor of 1982286?
False
Is 92 a factor of 166736?
False
Is 15075179 a multiple of 1049?
True
Is 7 a factor of 210493?
False
Does 6 divide 81223?
False
Is 5189078 a multiple of 10?
False
Is 8836776 a multiple of 234?
True
Does 57 divide 2166?
True
Does 55 divide 1046467?
False
Is 15532 a multiple of 31?
False
Is 22 a factor of 1858164?
True
Does 1025 divide 2795175?
True
Is 10 a factor of 31709?
False
Does 185 divide 9065?
True
Is 437699 a multiple of 189?
False
Is 6 a factor of 15288726?
True
Is 137291 a multiple of 2?
False
Is 2096 a multiple of 4?
True
Is 10 a factor of 1821671?
False
Is 404 a factor of 1893144?
True
Does 87 divide 5314134?
True
Does 120 divide 1119840?
True
Is 8 a factor of 1006792?
True
Does 2 divide 23109?
False
Is 18 a factor of 251573?
False
Is 39 a factor of 2243865?
True
Is 7193992 a multiple of 8?
True
Does 60 divide 282000?
True
Is 1703507 a multiple of 50?
False
Is 2102254 a multiple of 128?
False
Is 20879 a multiple of 7?
False
Is 1672743 a multiple of 14?
False
Is 1206 a factor of 8962022?
False
Is 370348 a multiple of 140?
False
Is 20 a factor of 10189861?
False
Is 20622 a multiple of 25?
False
Is 142 a factor of 53392?
True
Does 174 divide 544272?
True
Is 66 a factor of 347160?
True
Is 475 a factor of 4519150?
True
Is 9 a factor of 2616055?
False
Does 7 divide 17282?
False
Is 2187760 a multiple of 140?
False
Does 389 divide 359825?
True
Is 100 a factor of 128223?
False
Is 19624413 a multiple of 1803?
False
Does 159 divide 166589?
False
Is 27 a factor of 18992?
False
Is 4 a factor of 61320?
True
Is 37642 a multiple of 118?
True
Is 1638096 a multiple of 16?
True
Is 4 a factor of 73766?
False
Is 14651965 a multiple of 134?
False
Does 32 divide 46880?
True
Is 285 a factor of 1026171?
False
Does 137 divide 85013?
False
Is 2 a factor of 248651?
False
Is 11594459 a multiple of 87?
False
Is 24 a factor of 361320?
True
Is 12 a factor of 1513338?
False
Is 171576 a multiple of 9?
True
Is 2389024 a multiple of 88?
True
Is 5151266 a multiple of 294?
False
Is 8139486 a multiple of 57?
True
Does 604 divide 1668852?
True
Does 19 divide 324921?
False
Does 13 divide 147030?
True
Is 301530 a multiple of 345?
True
Does 44 divide 2648683?
False
Does 9 divide 4900024?
False
Is 20 a factor of 2612976?
False
Is 206 a factor of 284486?
True
Does 109 divide 22213?
False
Is 245644 a multiple of 124?
True
Is 2836405 a multiple of 84?
False
Is 8383 even?
False
Does 270 divide 139050?
True
Is 51 a factor of 826047?
True
Is 11 a factor of 1131988?
True
Is 840078 a multiple of 662?
True
Is 3016858 a multiple of 15?
False
Does 64 divide 19425?
False
Is 124 a factor of 159912?
False
Is 5 a factor of 4555?
True
Is 11 a factor of 1183111?
False
Does 349 divide 5974752?
False
Does 2 divide 209097?
False
Is 42 a factor of 49854?
True
Is 33 a factor of 138732?
True
Does 59 divide 369517?
True
Is 1655311 a multiple of 208?
False
Is 24418 a multiple of 29?
True
Is 32 a factor of 938464?
True
Does 496 divide 2089362?
False
Is 83 a factor of 79846?
True
Is 18 a factor of 43817?
False
Is 144 a factor of 65808?
True
Is 4998507 a multiple of 89?
True
Is 728 a factor of 1623440?
True
Is 1830400 a multiple of 520?
True
Is 3 a factor of 278673?
True
Is 41 a factor of 497986?
True
Is 143060 a multiple of 46?
True
Is 35 a factor of 729739?
False
Does 9 divide 1090566?
True
Is 4471744 a multiple of 530?
False
Is 40 a factor of 435680?
True
Is 3845842 a multiple of 226?
True
Does 254 divide 114845?
False
Is 271752 a multiple of 24?
True
Does 64 divide 477760?
True
Is 19 a factor of 28557?
True
Does 160 divide 668671?
False
Is 113800 a multiple of 20?
True
Is 20 a factor of 567620?
True
Does 19 divide 20496?
False
Does 107 divide 129256?
True
Does 47 divide 110027?
True
Does 180 divide 728256?
False
Is 362934 a multiple of 102?
False
Is 486170 a multiple of 9?
False
Does 595 divide 5409145?
True
Does 18 divide 1230140?
False
Is 180 a factor of 19620?
True
Is 4214210 a multiple of 286?
True
Is 228131 a multiple of 37?
False
Is 109 a factor of 1483231?
False
Does 18 divide 128988?
True
Is 1547234 a multiple of 53?
False
Does 5 divide 2369765?
True
Is 8 a factor of 34552?
True
Is 1816584 a multiple of 154?
True
Does 11 divide 6950562?
False
Does 49 divide 30251?
False
Does 2 divide 34553?
False
Does 320 divide 200463?
False
Does 83 divide 4974539?
False
Does 39 divide 175037?
False
Is 5921604 a multiple of 18?
True
Is 578 a factor of 605493?
False
Is 546 a factor of 1493310?
True
Is 385932 a multiple of 19?
False
Is 14 a factor of 14378?
True
Is 336798 a multiple of 9?
True
Does 6 divide 65070?
True
Is 2295 a multiple of 85?
True
Is 15 a factor of 18234600?
True
Is 26 a 